{"id":413,"date":"2015-09-07T11:27:36","date_gmt":"2015-09-07T09:27:36","guid":{"rendered":"http:\/\/www.certilingua.net\/?page_id=413"},"modified":"2025-10-07T16:46:17","modified_gmt":"2025-10-07T14:46:17","slug":"deutschsprachige-gemeinschaft","status":"publish","type":"page","link":"https:\/\/www.certilingua.net\/?page_id=413","title":{"rendered":"Deutschsprachige Gemeinschaft Belgiens"},"content":{"rendered":"<p><strong>Representative<\/strong><\/p>\n<p><span style=\"color: #262626;\"><span style=\"font-family: Georgia, serif;\"><span style=\"font-size: medium;\">Ms Ruth De Sy<\/span><\/span><\/span><\/p>\n<p>Ministerium der Deutschsprachigen Gemeinschaft\/ Abteilung Unterrichtswesen<\/p>\n<p><span style=\"color: #262626;\"><span style=\"font-family: Georgia, serif;\"><span style=\"font-size: medium;\">Gospertstra\u00dfe 1<\/span><\/span><\/span><\/p>\n<p><span style=\"color: #262626;\"><span style=\"font-family: Georgia, serif;\"><span style=\"font-size: medium;\">B-4700 Eupen<\/span><\/span><\/span><\/p>\n<p><span style=\"color: #262626;\"><span style=\"font-family: Georgia, serif;\"><span style=\"font-size: medium;\">0032-(0)87-596377<\/span><\/span><\/span><\/p>\n<p><span style=\"color: #262626;\"><span style=\"font-family: Georgia, serif;\"><span style=\"font-size: medium;\">ruth.desy@dgov.be<\/span><\/span><\/span><\/p>\n<p><strong><span style=\"text-decoration: underline;\"><a id=\"Belgium\"><\/a> CertiLingua Schools in the German-speaking community of Belgium<\/span><\/strong><\/p>\n<p><a href=\"http:\/\/www.cfa-kelmis.be\">C\u00e9sar-Franck-Athen\u00e4um<\/a>;\u00a0Kelmis<\/p>\n","protected":false},"excerpt":{"rendered":"<p>Representative Ms Ruth De Sy Ministerium der Deutschsprachigen Gemeinschaft\/ Abteilung Unterrichtswesen Gospertstra\u00dfe 1 B-4700 Eupen 0032-(0)87-596377 ruth.desy@dgov.be CertiLingua Schools in the German-speaking community of Belgium C\u00e9sar-Franck-Athen\u00e4um;\u00a0Kelmis<\/p>\n","protected":false},"author":1,"featured_media":0,"parent":0,"menu_order":0,"comment_status":"closed","ping_status":"closed","template":"","meta":{"footnotes":""},"aioseo_notices":[],"_links":{"self":[{"href":"https:\/\/www.certilingua.net\/index.php?rest_route=\/wp\/v2\/pages\/413"}],"collection":[{"href":"https:\/\/www.certilingua.net\/index.php?rest_route=\/wp\/v2\/pages"}],"about":[{"href":"https:\/\/www.certilingua.net\/index.php?rest_route=\/wp\/v2\/types\/page"}],"author":[{"embeddable":true,"href":"https:\/\/www.certilingua.net\/index.php?rest_route=\/wp\/v2\/users\/1"}],"replies":[{"embeddable":true,"href":"https:\/\/www.certilingua.net\/index.php?rest_route=%2Fwp%2Fv2%2Fcomments&post=413"}],"version-history":[{"count":14,"href":"https:\/\/www.certilingua.net\/index.php?rest_route=\/wp\/v2\/pages\/413\/revisions"}],"predecessor-version":[{"id":2575,"href":"https:\/\/www.certilingua.net\/index.php?rest_route=\/wp\/v2\/pages\/413\/revisions\/2575"}],"wp:attachment":[{"href":"https:\/\/www.certilingua.net\/index.php?rest_route=%2Fwp%2Fv2%2Fmedia&parent=413"}],"curies":[{"name":"wp","href":"https:\/\/api.w.org\/{rel}","templated":true}]}}