{"id":445,"date":"2015-09-07T11:38:31","date_gmt":"2015-09-07T09:38:31","guid":{"rendered":"http:\/\/www.certilingua.net\/?page_id=445"},"modified":"2018-11-06T13:27:23","modified_gmt":"2018-11-06T12:27:23","slug":"certilingua-czech-republic","status":"publish","type":"page","link":"https:\/\/www.certilingua.net\/?page_id=445","title":{"rendered":"Czech Republic"},"content":{"rendered":"<p><strong>Representative<\/strong><\/p>\n<p>PhDr. Marie \u010cern\u00edkov\u00e1<\/p>\n<p>Ministersk\u00fd rada | Ministerialrat<\/p>\n<p>Odd\u011blen\u00ed bilater\u00e1ln\u00ed a multilater\u00e1ln\u00ed spolupr\u00e1ce | Unterabteilung f\u00fcr bilaterale und multilaterale Zusammenarbeit<\/p>\n<p>Odbor mezin\u00e1rodn\u00edch vztah\u016f | Abteilung f\u00fcr Internationale Beziehungen<\/p>\n<p>Ministerstvo \u0161kolstv\u00ed, ml\u00e1de\u017ee a t\u011blov\u00fdchovy | Ministerium f\u00fcr Schulwesen, Jugend und Sport<\/p>\n<p>Abteilung f\u00fcr Bildung<\/p>\n<p>Karmelitsk\u00e1 529\/5<\/p>\n<p>118 12 Praha 1<\/p>\n<p>Tel: +420 234\u00a0811\u00a0818<\/p>\n<p>marie.cernikova@msmt.cz<\/p>\n<p>&nbsp;<\/p>\n<p>&nbsp;<\/p>\n<p><span style=\"text-decoration: underline;\"><strong>CertiLingua Schools in the Czech Republic<\/strong><\/span><\/p>\n<p><a href=\"http:\/\/www.sosgsm.cz\/\">St\u0159edn\u00ed odborn\u00e1 \u0161kola a Gymn\u00e1zium<\/a>; Stare Mesto<\/p>\n","protected":false},"excerpt":{"rendered":"<p>Representative PhDr. Marie \u010cern\u00edkov\u00e1 Ministersk\u00fd rada | Ministerialrat Odd\u011blen\u00ed bilater\u00e1ln\u00ed a multilater\u00e1ln\u00ed spolupr\u00e1ce | Unterabteilung f\u00fcr bilaterale und multilaterale Zusammenarbeit Odbor mezin\u00e1rodn\u00edch vztah\u016f | Abteilung f\u00fcr Internationale Beziehungen Ministerstvo \u0161kolstv\u00ed, ml\u00e1de\u017ee a t\u011blov\u00fdchovy | Ministerium f\u00fcr Schulwesen, Jugend und Sport Abteilung f\u00fcr Bildung Karmelitsk\u00e1 529\/5 118 12 Praha 1 Tel: +420 234\u00a0811\u00a0818 marie.cernikova@msmt.cz &nbsp; &nbsp; [&hellip;]<\/p>\n","protected":false},"author":1,"featured_media":0,"parent":0,"menu_order":0,"comment_status":"closed","ping_status":"closed","template":"","meta":{"footnotes":""},"aioseo_notices":[],"_links":{"self":[{"href":"https:\/\/www.certilingua.net\/index.php?rest_route=\/wp\/v2\/pages\/445"}],"collection":[{"href":"https:\/\/www.certilingua.net\/index.php?rest_route=\/wp\/v2\/pages"}],"about":[{"href":"https:\/\/www.certilingua.net\/index.php?rest_route=\/wp\/v2\/types\/page"}],"author":[{"embeddable":true,"href":"https:\/\/www.certilingua.net\/index.php?rest_route=\/wp\/v2\/users\/1"}],"replies":[{"embeddable":true,"href":"https:\/\/www.certilingua.net\/index.php?rest_route=%2Fwp%2Fv2%2Fcomments&post=445"}],"version-history":[{"count":8,"href":"https:\/\/www.certilingua.net\/index.php?rest_route=\/wp\/v2\/pages\/445\/revisions"}],"predecessor-version":[{"id":1296,"href":"https:\/\/www.certilingua.net\/index.php?rest_route=\/wp\/v2\/pages\/445\/revisions\/1296"}],"wp:attachment":[{"href":"https:\/\/www.certilingua.net\/index.php?rest_route=%2Fwp%2Fv2%2Fmedia&parent=445"}],"curies":[{"name":"wp","href":"https:\/\/api.w.org\/{rel}","templated":true}]}}